48 and 12684.
28
What is the highest common factor of 181068 and 7347?
237
Calculate the highest common factor of 5565 and 1995.
105
Calculate the greatest common factor of 143 and 5599.
11
What is the greatest common factor of 2152880 and 255?
85
Calculate the greatest common divisor of 160407 and 189.
27
Calculate the greatest common factor of 38 and 1842.
2
Calculate the highest common divisor of 31363 and 237.
79
Calculate the greatest common factor of 17594 and 62968.
926
What is the greatest common divisor of 1263 and 213?
3
What is the greatest common factor of 1886 and 861?
41
What is the greatest common divisor of 208 and 19784?
8
Calculate the greatest common divisor of 1398315 and 45.
15
What is the greatest common divisor of 424 and 45262?
106
Calculate the greatest common divisor of 400 and 2781360.
80
Calculate the highest common factor of 343 and 840.
7
Calculate the greatest common factor of 9 and 4287.
3
What is the greatest common factor of 196455 and 285?
15
What is the highest common divisor of 1262 and 3580925?
631
What is the highest common divisor of 3487139 and 2386?
1193
What is the greatest common factor of 12 and 211188?
12
What is the greatest common divisor of 984 and 1371081?
123
What is the greatest common divisor of 4549880 and 80?
40
Calculate the greatest common divisor of 46577 and 188.
47
Calculate the greatest common factor of 4450 and 450.
50
What is the highest common factor of 5877 and 65300?
653
Calculate the highest common divisor of 3587648 and 9280.
1856
What is the highest common divisor of 3624 and 2172?
12
What is the highest common divisor of 2268 and 203553?
567
What is the greatest common factor of 84 and 5172?
12
Calculate the greatest common divisor of 15275 and 2600.
325
Calculate the highest common factor of 13741 and 2869.
151
Calculate the highest common factor of 5636 and 172.
4
Calculate the highest common divisor of 3183 and 135.
3
What is the greatest common factor of 120 and 21516?
12
What is the highest common factor of 110067 and 6?
3
Calculate the highest common factor of 295 and 13660.
5
Calculate the highest common divisor of 18281 and 13213.
181
What is the greatest common divisor of 2948 and 4004?
44
What is the highest common factor of 46115 and 6785?
115
Calculate the greatest common divisor of 9782 and 90228.
146
Calculate the greatest common divisor of 147 and 790923.
21
What is the highest common divisor of 230 and 2031774?
46
Calculate the highest common factor of 196 and 588616.
28
Calculate the greatest common divisor of 882357 and 35.
7
What is the highest common factor of 16 and 237616?
16
Calculate the greatest common divisor of 236300 and 200.
100
What is the highest common factor of 172240 and 55?
5
What is the greatest common divisor of 14 and 3925726?
14
Calculate the greatest common divisor of 127616 and 256.
128
Calculate the highest common divisor of 6201 and 14157.
117
Calculate the highest common factor of 1557 and 402744.
519
Calculate the greatest common factor of 31512 and 11856.
312
What is the greatest common divisor of 105 and 2980305?
15
Calculate the highest common divisor of 1330238 and 1274.
182
Calculate the highest common factor of 72377 and 314.
157
Calculate the highest common factor of 22685 and 38610.
65
What is the greatest common divisor of 4218 and 5254?
74
What is the greatest common factor of 639 and 184797?
9
What is the highest common factor of 276 and 182942?
46
Calculate the highest common divisor of 24 and 26724.
12
Calculate the highest common divisor of 49 and 93443.
49
What is the greatest common factor of 616 and 21000?
56
What is the highest common factor of 183940 and 40?
20
What is the greatest common factor of 40586 and 266?
14
What is the highest common divisor of 190 and 7330?
10
What is the greatest common factor of 1820 and 2457?
91
What is the highest common divisor of 11455 and 415145?
395
Calculate the highest common divisor of 450 and 30906.
18
What is the greatest common factor of 457582 and 218?
218
Calculate the greatest common divisor of 386922 and 354.
354
Calculate the greatest common factor of 237 and 59.
1
Calculate the highest common divisor of 3866954 and 182.
182
Calculate the greatest common divisor of 280 and 220.
20
What is the highest common factor of 336922 and 986?
58
Calculate the highest common factor of 214471 and 82.
41
What is the greatest common divisor of 282 and 67821?
141
Calculate the highest common divisor of 6408 and 120328.
712
What is the highest common factor of 18680 and 180?
20
What is the greatest common factor of 4 and 94148?
4
Calculate the highest common factor of 1328 and 480.
16
Calculate the greatest common divisor of 504 and 73272.
24
Calculate the greatest common factor of 10149 and 408.
51
Calculate the highest common factor of 80 and 51905.
5
Calculate the highest common factor of 1956 and 341974.
326
What is the highest common divisor of 7014 and 5662636?
2338
Calculate the greatest common factor of 134802 and 396.
18
Calculate the highest common divisor of 16676 and 44.
44
Calculate the greatest common divisor of 15 and 375.
15
Calculate the highest common divisor of 1812 and 96.
12
Calculate the highest common divisor of 4507475 and 2150.
1075
What is the highest common divisor of 1247 and 2881?
43
Calculate the greatest common factor of 46755 and 55067.
1039
What is the greatest common factor of 10830 and 21090?
570
Calculate the greatest common divisor of 1678 and 9588092.
1678
Calculate the greatest common factor of 8728 and 8.
8
Calculate the greatest common factor of 767327 and 1738.
869
Calculate the highest common factor of 78190 and 140.
70
What is the highest common divisor of 887420 and 80?
20
Calculate the highest common divisor of 312 and 19916.
52
What is the highest common divisor of 524481 and 79?
79
Calculate the greatest common divisor of 2213686 and 116.
58
Calculate the highest common divisor of 105216 and 512.
256
What is the greatest common divisor of 52753 and 25262?
743
What is the highest common factor of 6344 and 540216?
488
What is the greatest common divisor of 57334 and 1052?
526
What is the greatest common divisor of 1424 and 83126?
178
Calculate the highest common factor of 452488 and 326.
326
Calculate the highest common factor of 43 and 181331.
43
Calculate the highest common factor of 270 and 1774845.
135
Calculate the greatest common factor of 361 and 317.
1
What is the highest common factor of 6965 and 1015?
35
What is the highest common divisor of 958751 and 467?
467
Calculate the highest common factor of 25347 and 798.
21
Calculate the highest common divisor of 5040 and 4970.
70
Calculate the highest common divisor of 5487 and 12567.
177
What is the highest common divisor of 128893 and 122?
61
What is the greatest common factor of 143 and 58487?
143
What is the highest common factor of 5497 and 713?
23
Calculate the greatest common divisor of 132 and 7136448.
132
What is the greatest common divisor of 510537 and 6?
3
Calculate the greatest common divisor of 774 and 105651.
387
What is the highest common divisor of 48067 and 71?
71
What is the greatest common divisor of 12 and 12741492?
12
Calculate the greatest common factor of 2684 and 8.
4
Calculate the greatest common factor of 1533 and 341880.
21
Calculate the greatest common divisor of 120 and 3610680.
120
Calculate the highest common factor of 860 and 7940.
20
Calculate the highest common factor of 11510 and 110.
10
Calculate the greatest common factor of 4 and 108140.
4
What is the greatest common factor of 27108 and 91364?
1004
What is the greatest common factor of 36 and 252954?
18
What is the highest common factor of 309 and 408189?
309
What is the greatest common factor of 282010 and 10?
10
Calculate the greatest common divisor of 992088 and 8.
8
What is the greatest common factor of 399294 and 672?
42
What is the highest common factor of 1888 and 56?
8
Calculate the highest common factor of 7348 and 80.
4
What is the highest common divisor of 3626 and 455692?
74
Calculate the highest common factor of 6792 and 3192.
24
What is the greatest common factor of 24275 and 20?
5
Calculate the greatest common factor of 4320 and 1971.
27
Calculate the highest common factor of